
26
What is the value of 11 - ((4 - 1) + (6 + -6 - 7))?
15
What is the value of (0 + 0 - -4) + -12 + -3 + 18?
7
What is the value of (1 - -3) + 4 + -9 - (-2 + 2)?
-1
-2 - 14 - (-13 + 8 - -1 - -1)
-13
Evaluate (0 + 6 - -7) + -4 + 1 + -1.
9
What is the value of (-3 + -1 - -3) + (-5 - -1) + -4?
-9
What is the value of (-8 - (-10 + 2)) + 11?
11
What is the value of -30 + 25 + -1 + 27?
21
Calculate 37 + -7 + -42 + -22.
-34
What is 28 + -15 + (-33 - -12)?
-8
What is 9 - ((-7 - -15 - (13 + -7)) + -5)?
12
Calculate (-53 - -56) + -4 - (3 - 1 - -1).
-4
What is the value of -6 + (-4 - (-8 + -3)) + -11?
-10
Calculate (226 - 237) + 2 + 1.
-8
Evaluate -59 + 11 - (20 + -42).
-26
What is the value of 6 + -9 - (-25 - -36)?
-14
Evaluate -1 + (2 - (14 - 6 - 0)).
-7
Calculate (-42 - -30) + (0 - -3) + -14.
-23
Calculate (8 - -1 - (55 + -21 - 20)) + -6.
-11
Evaluate -8 - (3 + 11 - (53 - 45)).
-14
What is the value of 7 - (-15 + 60 + -23)?
-15
(-1 - -5) + -1 - (-1 + 1 + 12)
-9
What is the value of ((-7 - 2) + -6 - 6) + -3 + 11?
-13
Calculate -10 + (10 - 0 - 13).
-13
What is the value of 4 - 1 - (23 + -22 + -3)?
5
What is (1 + -5 - 0) + (23 - 50) + 26?
-5
What is the value of (-15 - -1 - -7) + 20?
13
Calculate -9 + 18 - (-8 + -7).
24
What is 16 + 19 + -38 + (-2 - -1 - -3)?
-1
Evaluate -24 + 12 + (12 - 6 - -3).
-3
What is -2 - -6 - ((3 - -11) + -11 + -11)?
12
Calculate 17 + 2 - (18 - (12 + 23) - -14).
22
Evaluate 3 + -2 + 4 - 30 - (1 - 9).
-17
(-140 - -141) + -5 + 2
-2
Evaluate 18 + -23 + (6 - 6) + -7 + -18.
-30
Evaluate (-4 - -7) + 7 - 0 - 8.
2
What is the value of -19 + (-2 - (-16 + -2) - 7)?
-10
What is -11 - (4 + -7 + 6) - -7?
-7
Evaluate -16 - (-4 - -15 - (18 - 6)).
-15
(-1 - (0 + 0)) + -1 - (49 - 49)
-2
(-23 - -32) + -24 + 2 + 24
11
Calculate 9 - 1 - (10 + -4 - 20 - -8).
14
Evaluate -2 - (-1 - -3) - (-24 - 17 - -28).
9
(2 - ((-8 - 3) + 7)) + -24 - -5
-13
Evaluate 74 + -72 - (2 - (5 + (0 - -1))).
6
Evaluate -2 + 1 + -2 - (64 + -86).
19
What is -3 - (-4 + 4) - (9 + -8 + -6)?
2
(-5 - -39) + (-23 - 0)
11
Evaluate -2 - (31 + 0) - (-96 - -80).
-17
2 + -4 + -1 - (-20 - (-43 + 13))
-13
Evaluate -6 + (-11 - (-8 - -2)) + 5 + 2.
-4
Calculate (3 + 11 - (21 + -7)) + (-2 - 1).
-3
What is 4 + -5 + 6 - -20?
25
What is the value of (-38 - -80) + -22 + -26?
-6
11 - (3 - (-32 + 24))
0
Evaluate 7 + -1 - (12 - (-6 + 9)).
-3
Evaluate -90 + 47 + -6 + 38.
-11
Calculate (1 - -1 - -1) + (19 - (9 + 2)).
11
Evaluate (-548 - -521) + (13 + 1 - 2).
-15
-3 - 42 - (-155 - -120)
-10
Evaluate -22 - (-11 + -10 - -13) - -2.
-12
What is the value of -11 + -1 + 2 + 2 + 0?
-8
What is 3 + (20 - 21) + -1 + -5?
-4
(19 - ((-11 - -21) + 0)) + -1
8
Evaluate -10 - (1 + -2 + -3) - (11 + -5).
-12
What is 4 - -5 - 4 - (9 + -7 + 3)?
0
What is -13 + (-2 + 0 - -10) + -1 + 0?
-6
What is the value of -28 + (-20 - -31) + 26 - (-15 + 1)?
23
What is -6 + 2 + -5 + (-86 - -92)?
-3
-4 - (8 + -35 + 13)
10
What is the value of 22 + (25 - (29 + 16))?
2
Evaluate 1 + -11 - (-6 + (4 - (2 - 0))).
-6
Calculate 14 + (-5 - 20) - -18.
7
What is the value of (-13 - (-7 + 2)) + 30 - (-11 - -13)?
20
What is the value of (-1 + -16 + 41 - (-1 - -8)) + -5?
12
Calculate 1 - 0 - (-9 + 5) - (67 + -76).
14
Calculate 4 + 27 + 11 + -25.
17
(0 - 17) + -91 + 101 + -10
-17
0 + 0 + 22 + -247 + 237
12
What is the value of 8 - (40 + (-35 - -26))?
-23
What is the value of 334 + -341 - (-8 - (0 + -3))?
-2
Calculate -4 + 20 + -8 + -10 + 6.
4
What is -1 + -14 - (62 - 25 - 38)?
-14
Evaluate (-38 - (56 + -105)) + (1 + 1 - 0).
13
What is 6 + (0 + -2 - (21 - -3))?
-20
What is -1 - -6 - (1 - 6 - (-8 + 4))?
6
Calculate 29 - ((14 - 35) + 40).
10
What is 3 - (0 + (8 - 2 - 1) + 0)?
-2
Calculate -3 + 22 - 6 - 27.
-14
What is 110 - 115 - (-2 - 6)?
3
What is 2 + 6 - (-319 + 302)?
25
Evaluate (11 - -8) + -5 - 16.
-2
Calculate 0 - -10 - (109 + -130).
31
-20 - -24 - (-3 + (-1 - 4))
12
What is (216 - 205) + (0 - (-2 - -1))?
12
Calculate 646 - 632 - (3 - (-40 + 3)).
-26
What is the value of 0 + 2 + (95 - 88)?
9
7 + -5 + -13 + 14
3
What is (7 - 17) + (2 - -4)?
-4
Calculate -4 + 13 + -2 + (-2 - (-1 - 2)).
8
-219 + 172 - (-2 + -12 - (2 + -5))
-36
What is 0 + (14 - 10 - (-19 + -2 + 2))?
23
Calculate -9 + 2 + -17 + 8 + (1 - -3).
-12
What is the value of 7 - ((-5 + -5 - -9) + 10)?
-2
Calculate 825 + -830 + (0 - 9) + 1 + 10.
-3
Calculate 2 + -1 - 6 - (28 + -34).
1
What is -24 + (-2 - -1) + 12?
-13
(40 - (25 + -6)) + -22
-1
What is (-2 + 7 + 7 - 14) + 7?
5
Calculate 4 - (-20 + 16 + -6).
14
(-8 + 2 - 2) + 242 + -223
11
Calculate (2 - 4) + 32 - 2 - (4 + -5).
29
What is 12 + -4 + (5 - 14) - (-22 + 3)?
18
Evaluate 3 + -7 + 10 + -1.
5
What is 4 + 6 - 8 - (17 - 3)?
-12
Calculate -22 + 34 - (-5 + 5 - 3).
15
-4 - (1 - -4) - 2 - -1
-10
What is 2 + 7 + -1 - (348 - 321)?
-19
What is the value of 1 - (-2 - (-4 - 6) - 10)?
3
What is the value of 18 + 7 + -4 + -3 + -2 + 0?
16
What is the value of 21 + 6 + -8 + -8 - 43?
-32
Evaluate -27 - (-2 + -14 + 14).
-25
11 - ((-13 - -4 - -3) + (12 - 0))
5
Calculate -1 - 19 - -29 - 2.
7
What is the value of 14 - ((2 - (6 - 8)) + (-11 - -3))?
18
What is 27 + (-27 + 36 - 12)?
24
What is the value of -3 - (-1 + (-6 - (-6 - -2))) - 0?
0
Evaluate 14 + -10 + -4 + -12 + 5 - -11.
4
What is 29 - 21 - (-39 - 1) - (25 + -13)?
36
Evaluate (4 - 24 - -16) + (-3 - -11) + 31.
35
15 - (10 + -4) - 17 - 2
-10
What is the value of 3 + -1 - (4 - -6) - -6?
-2
Calculate -1 + 11 - (-5 - (-10 - 2)).
3
Calculate -3 + 10 + -13 + 16.
10
What is -24 + -7 + (-21 - -44)?
-8
16 - (32 - 29) - 30
-17
Calculate -15 - (-1 + 0) - -16.
2
Calculate -1 - -2 - 1 - (2 + 40 + -29).
-13
What is the value of 5 - -17 - (34 + -26)?
14
Evaluate -4 - (1 + 2 - 1 - (116 + -116)).
-6
What is 7 + 3 + -3 + -2 + -8 + -1?
-4
Calculate -159 + 154 + 2 + 4.
1
Evaluate -4 - (-7 + 2) - (-16 - -1).
16
What is (15 - 1) + -6 + (5 - (0 + 3))?
10
What is -15 - (-16 - (12 + -19))?
-6
Calculate -3 - ((-5 + 5 - -4) + -8 - 4).
5
Calculate -13 + (-9 + 33 - 13).
-2
What is the value of -36 + 72 + -48 - (3 - 6)?
-9
Evaluate (20 - (-5 + -2)) + (-4 - -3 - 4).
22
Calculate (2 - 7 - (3 - 8)) + -12.
-12
What is the value of -26 - (-8 + 4 + 1 + (-8 - -7))?
-22
What is 26 - (54 + -10 + -18)?
0
What is the value of -1 + 4 + (-73 - (80 - 126))?
-24
What is the value of 29 - (9 + -15 + 16)?
19
-9 + -27 + (-8 - ((-10 - 1) + -6))
-27
Calculate 59 + -30 + (-10 - 30).
-11
Evaluate (6 - (-5 + -1 + 1 + 0)) + -2.
9
Calculate -44 - (21 - 54) - (-19 - 1).
9
What is 34 + -25 + 2 + -26?
-15
(1 + 18 - 12) + -4
3
(1 - 6) + (22 - 27)
-10
3 + 31 + -26 + 8
16
Calculate (56 - 20) + (-13 - 21).
2
Evaluate -23 + 9 + 8 + 0 + 5 + 1.
0
What is -24 + 10 + 17 - 12?
-9
What is the value of 362 + -402 - (0 - 26)?
-14
Evaluate (-5 - -11 - (5 - 4)) + -5.
0
Calculate 1 + (3 - 5) + -2 + -5.
-8
Evaluate (-93 - -80) + (9 - 0) - (2 + 3).
-9
What is (-3 - -3) + 1 + (3 - (-7 + 17))?
-6
What is (1 - (-6 + 1)) + 102 + -98 + -2?
8
What is the value of 2 + -16 - (-157 + 127)?
16
What is the value of 7 + 8 + (12 - 24) - -2?
5
Calculate 4 - (4 + 30 + -1 + -15).
-14
What is the value of -326 + 318 - (-3 + 0 + 2)?
-7
19 + (3 - (4 + 8))
10
What is the value of (-11 - (-3 + -5 + 7)) + 9?
-1
Calculate 12 - ((-1 - (0 - 7)) + (-131 - -121)).
16
7 + -19 + (36 - -11)
35
Calculate 1 + -2 + (2 - 1 - (83 - 85)).
2
Evaluate -28 + -2 - (-19 - (-13 + 7 - 19)).
-36
What is the value of -5 + 9 + -10 + (3 - 5) + 6?
-2
Evaluate 9 - ((-7 + 1 - 2) + (-154 - -172)).
-1
What is -13 + (-2 + 13 - (3 + 6))?
-11
What is 0 + 8 - (-1 - 2)?
11
(1 + 10 - 1) + -4 + (32 - 30)
8
Calculate -24 - 1 - -18 - (-4 - -17).
-20
Calculate (-9 - 9) + 21 - 19.
-16
What is the value of (65 - 40) + (-5 - -2)?
22
-28 + 13 + (-5 - (2 + -10))
-12
-1 + -1 + -3 + 7
2
0 + 4 + (-4 - (0 - (-1 + 18)))
17
Calculate 4 - (-3 + 18) - (5 - 3) - -1.
-12
What is -2 + (1 + -13 + 6 + 2 - -1)?
-5
Calculate (-10 - 11 - -17) + 16.
12
What is 11 - (-8 + (-1 - -7))?
13
Evaluate 1 + (7 + 0 + -2 - -11) - 6.
11
What is the value of (-2 - -9) + (-9 + 3 - -20)?
21
Evaluate 10 + -38 - -13 - (-5 + 4).
-14
What is the value of (0 - 9) + 10 + -2?
-1
Calculate 13 + -25 + 10 + 6.
4
What is (20 - 5) + -34 - (-4 + 23)?
-38
18 + -13 - (8 + 5 - 0)
-8
What is -55 - -47 - ((1 - -1 - -3) + 2)?
-15
Calculate -19 - -2 - (18 - (-26 + 48)).
-13
Calculate 7 - 4 -